{"id":130,"date":"2021-04-18T16:26:02","date_gmt":"2021-04-18T14:26:02","guid":{"rendered":"http:\/\/www.gillbachbahn.de\/wordpress\/?page_id=130"},"modified":"2021-06-22T19:23:57","modified_gmt":"2021-06-22T17:23:57","slug":"mitmachen","status":"publish","type":"page","link":"https:\/\/www.gillbachbahn.de\/wordpress\/helfen\/mitmachen\/","title":{"rendered":"Mitmachen"},"content":{"rendered":"\n<h2 class=\"wp-block-heading\">Jede Hand z\u00e4hlt: Auf- und Ausbau des Museums<\/h2>\n\n\n\n<p>F\u00fcr die Arbeiten in der Werkstatt und unseren Baustellen sind Helfer immer gerne gesehen. Aber auch bei der Gestaltung der Ausstellung und bei B\u00fcroarbeiten ist Hilfe m\u00f6glich. Von der Mithilfe an kleineren Arbeiten oder der Mitwirkung an gr\u00f6\u00dferen Projekten ist alles m\u00f6glich. Gearbeitet wird in der Regel Samstags ab 11:00Uhr. Bitte melden Sie sich vorher an, wenn Sie kommen m\u00f6chten! Einige Arbeiten werden von Mitgliedern auch Abends unter der Woche durchgef\u00fchrt. Auch hierzu ist immer eine Terminabsprache erforderlich.<\/p>\n\n\n\n<p>Neben den Arbeiten am Aufbau des Feldbahnmuseums befindet sich auf dem Gel\u00e4nde des Museums ein Lehrstellwerk der ehem. Deutschen Bundesbahn, welches von einer eigenen Gruppe restauriert und betrieben wird. Weitere Informationen zu unserem Arbeitskreis Stellwerk finden Sie in unserem <a href=\"http:\/\/gillbachbahn.bahnwiki.org\/index.php5\/(AKS)_Arbeitskreis_Stellwerk\" data-type=\"URL\" data-id=\"http:\/\/gillbachbahn.bahnwiki.org\/index.php5\/(AKS)_Arbeitskreis_Stellwerk\">Wiki-Projekt<\/a>.<\/p>\n\n\n\n<p>Sie m\u00f6chten uns aktiv im Museum unterst\u00fctzen? Prima! F\u00fcr den laufenden Betrieb ben\u00f6tigen wir ehrenamtliches<\/p>\n\n\n\n<ul class=\"wp-block-list\"><li><strong>Fahrpersonal (Feldbahn)<\/strong><ul><li>Zugleiter<\/li><li>Lokf\u00fchrer Dampf oder Diesel<\/li><li>Zugf\u00fchrer \/ Schaffner<\/li><li>Weichensteller \/ Rangierer<\/li><\/ul><\/li><li><strong>BISTRO-Personal<\/strong><ul><li>Koch<\/li><li>Kassierer<\/li><li>Service<\/li><\/ul><\/li><li><strong>Fahrpersonal (Gartenbahn)<\/strong><ul><li>Lokf\u00fchrer<\/li><\/ul><\/li><li><strong>Aufsichtskr\u00e4fte<\/strong><ul><li>Museumsf\u00fchrer<\/li><li>Bahnsteig und Parkplatzaufsicht<\/li><\/ul><\/li><\/ul>\n\n\n\n<p>Die ben\u00f6tigten Ausbildungen k\u00f6nnen im Museum erfolgen. Die Abnahmen und Pr\u00fcfungen werden von Mitarbeitern des Museums vorgenommen.<\/p>\n","protected":false},"excerpt":{"rendered":"<p>Jede Hand z\u00e4hlt: Auf- und Ausbau des Museums F\u00fcr die Arbeiten in der Werkstatt und unseren Baustellen sind Helfer immer gerne gesehen. Aber auch bei der Gestaltung der Ausstellung und bei B\u00fcroarbeiten ist Hilfe m\u00f6glich. Von der Mithilfe an kleineren Arbeiten oder der Mitwirkung an gr\u00f6\u00dferen Projekten ist alles m\u00f6glich. Gearbeitet wird in der Regel Samstags ab 11:00Uhr. Bitte melden Sie sich vorher an, wenn Sie kommen m\u00f6chten! Einige Arbeiten werden von Mitgliedern auch Abends unter der Woche durchgef\u00fchrt. Auch hierzu ist immer eine Terminabsprache erforderlich. Neben den Arbeiten am Aufbau des Feldbahnmuseums befindet sich auf dem Gel\u00e4nde des Museums&#8230; <\/p>\n","protected":false},"author":4,"featured_media":0,"parent":88,"menu_order":0,"comment_status":"closed","ping_status":"closed","template":"template-parts\/template-full-width.php","meta":{"footnotes":""},"class_list":["post-130","page","type-page","status-publish","hentry"],"publishpress_future_action":{"enabled":false,"date":"2026-05-02 19:49:15","action":"change-status","newStatus":"draft","terms":[],"taxonomy":"","extraData":[]},"publishpress_future_workflow_manual_trigger":{"enabledWorkflows":[]},"_links":{"self":[{"href":"https:\/\/www.gillbachbahn.de\/wordpress\/wp-json\/wp\/v2\/pages\/130","targetHints":{"allow":["GET"]}}],"collection":[{"href":"https:\/\/www.gillbachbahn.de\/wordpress\/wp-json\/wp\/v2\/pages"}],"about":[{"href":"https:\/\/www.gillbachbahn.de\/wordpress\/wp-json\/wp\/v2\/types\/page"}],"author":[{"embeddable":true,"href":"https:\/\/www.gillbachbahn.de\/wordpress\/wp-json\/wp\/v2\/users\/4"}],"replies":[{"embeddable":true,"href":"https:\/\/www.gillbachbahn.de\/wordpress\/wp-json\/wp\/v2\/comments?post=130"}],"version-history":[{"count":3,"href":"https:\/\/www.gillbachbahn.de\/wordpress\/wp-json\/wp\/v2\/pages\/130\/revisions"}],"predecessor-version":[{"id":354,"href":"https:\/\/www.gillbachbahn.de\/wordpress\/wp-json\/wp\/v2\/pages\/130\/revisions\/354"}],"up":[{"embeddable":true,"href":"https:\/\/www.gillbachbahn.de\/wordpress\/wp-json\/wp\/v2\/pages\/88"}],"wp:attachment":[{"href":"https:\/\/www.gillbachbahn.de\/wordpress\/wp-json\/wp\/v2\/media?parent=130"}],"curies":[{"name":"wp","href":"https:\/\/api.w.org\/{rel}","templated":true}]}}